*k + 6090 = -2*w + 4*w, 0 = 4*w + k - 12170. Is w a composite number?
True
Suppose 3*s - 43410 = -15828. Let c = -6537 + s. Is c a composite number?
False
Let k = 765 - 767. Is ((-4853871)/(-22))/27 + 1/k a prime number?
True
Let y be 25012/8 + 4 - (-2)/4. Suppose 5*r + y = 6*r + 4*j, -3*r + 9379 = -2*j. Is r a composite number?
True
Let f = -16306 + 28380. Is f prime?
False
Suppose -26*c = -11*c - 211695. Is c a prime number?
False
Suppose -4*s + 0*s + 48 = 5*u, 26 = 3*u + s. Let d(k) = -2*k + 10. Let f be d(u). Is (1399/(-2))/(f/12) prime?
True
Suppose 0 = -p - 4*k + 316715, -7*k = -9*k - 12. Is p a composite number?
True
Let l be 2/14 + (-68)/(-14). Suppose 0 = -2*o + l*o. Suppose -k - 577 - 316 = -5*i, o = 5*i + 5*k - 905. Is i a prime number?
True
Suppose -z + 5400 = 141. Suppose -5*h + 4*n + 8773 = 0, -4*n - z = -3*h - 0*n. Is h a prime number?
False
Suppose 161*x = 137*x + 908328. Is x composite?
False
Suppose u = -5*q - 5678, -2*u - 6*q + 2*q - 11362 = 0. Let i = u + 9689. Is i composite?
True
Let j = 53 + -44. Suppose -2*i = -a + 1131, -8*i = -2*a - j*i + 2282. Is a composite?
True
Let p be (22/33)/((-2)/6). Let x = 3 - p. Let q(r) = 11*r**3 - 8*r**2 + 7*r - 11. Is q(x) composite?
True
Let p = -28125 - -72958. Is p a prime number?
False
Let s(q) = 356995*q**2 + 2*q + 2. Is s(1) a composite number?
False
Suppose 4*y = -y + 2*y. Suppose 4*s = -5*q + 2*s + 6066, -3*q - s + 3639 = y. Let a = q - 254. Is a a composite number?
True
Suppose -3*g - r - 17 = 0, 3*r - 6*r = 5*g + 27. Let i be (2/1)/((-3)/g). Suppose 5*v = 4*y + 1375, 4*v - y - 1069 = -i*y. Is v composite?
False
Let b(y) = y**3 - 2*y + 2. Let m = -20 - -20. Let z be b(m). Suppose v - 1581 = -z*v. Is v a composite number?
True
Suppose -511 = 5*w - 1936. Suppose 3*t - w = 318. Suppose -22 = -v + t. Is v composite?
False
Suppose -2*b = -2*o + 36, -2*o + 20 = b - 4. Let c(x) = 17*x - 51. Is c(o) a prime number?
False
Suppose 16*z - 38 - 26 = 0. Suppose 0 = -z*i + 105039 + 40693. Is i prime?
True
Is (-178 - -2479) + (1 - 0) a composite number?
True
Let x be 1*-1 + (-11 - -120). Let h = x - 113. Is 1/((-1 - h)/7724) a composite number?
False
Let y(z) = 922*z**2 + 40*z + 729. Is y(-20) a prime number?
True
Let i(y) be the third derivative of y**4/24 - 5*y**3/3 - 15*y**2. Let p be i(15). Suppose 4*f + 3*d - 217 = 0, -p*f + 36 = -4*d - 243. Is f composite?
True
Let h(s) = -200*s - 5. Let u be h(-4). Suppose -13*n + 5978 = -u. Suppose 3*l - n = 1150. Is l composite?
False
Let u = 26139 - -6550. Is u a prime number?
False
Is (3/9)/(-17*(-5)/92404605) a composite number?
False
Let b(a) = -a**3 - a**2 + a + 5. Let j be b(0). Suppose -4*u = -4*i + 16, 3*i + 2*u = j - 3. Let f(d) = 9*d**3 + d**2 - 2*d - 1. Is f(i) prime?
True
Let n = 455909 - 79936. Is n a composite number?
True
Suppose 0 = 38*v + 122*v - 18*v - 1371862. Is v a composite number?
False
Let n = 318 - 324. Let c(b) be the first derivative of -125*b**2/2 + 17*b - 3. Is c(n) a prime number?
False
Let z(u) = -65*u**3 - 10*u**2 - 3*u - 37. Let t(d) = 33*d**3 + 5*d**2 + d + 18. Let w(k) = 7*t(k) + 4*z(k). Is w(-9) composite?
False
Let l(j) = 5*j - j + 14*j + 18*j + 9*j**2 + 19. Is l(-30) a prime number?
True
Let t(b) = -b**3 - 5*b**2 - 4*b - 4. Let q be t(-4). Suppose 2*l - 10 = 0, 2*d - 40 = -3*d - 5*l. Is d/((-3)/q)*(-1631)/(-28) a prime number?
True
Let q = 100265 - -15912. Let h = q + -77412. Is h composite?
True
Suppose -5*b = 5, -2*n - 38115 = -3*n + 2*b. Is n prime?
True
Suppose 0 = -4*t - 20, -566*b = -563*b - 4*t - 270671. Is b composite?
False
Let n be (-5)/(-3) + (-7)/(126/12). Let t be (-1878)/((-3 - -1) + n). Suppose 3*u = 2*j - 1277, 0*j = -3*j - 3*u + t. Is j prime?
True
Is ((-1)/7*-3 + 23901372/21)*1 composite?
True
Let i(v) = -144 - 3*v + 1666*v**2 + 9972*v**2 + 125 + 16*v. Is i(2) composite?
False
Suppose 2*l = i + 724482, -170*l = -172*l - 5*i + 724506. Is l prime?
False
Let o(k) = -k**3 + 20*k**2 - 51*k + 9. Let v be o(17). Is 6/(162/v)*39333/1 composite?
True
Let h be (-222 + 11)/(2 + (-225)/111). Suppose v = 4*q - 30969, -q + 3*v - 51 = -h. Is q a composite number?
False
Let l = -375 - -382. Is 14691/l - (10 + 360/(-35)) prime?
True
Let d(w) = -137*w + 66. Let u(k) = k - 1. Let p(j) = d(j) - 2*u(j). Is p(-27) a prime number?
True
Suppose -4*m + 32*q = 33*q - 16, 0 = -2*m + q + 2. Suppose -z - 1094 = -m*z. Is z prime?
True
Let p(b) = -15*b**3 + 29*b**2 + 313*b + 164. Is p(-17) prime?
True
Let l(o) = 520*o + 35. Let s be 2/15 + 5705/525. Is l(s) prime?
False
Suppose 0 = -5*i - 2*m + 1094905 - 37452, i - 5*m - 211469 = 0. Is i a prime number?
False
Suppose 3*u = -3*u + 120042. Suppose 2*z - u = -7*z. Suppose 2*i = -3*q + z, i + 3*i = -5*q + 3703. Is q a composite number?
False
Let y be 21 + (6/4)/(3/(-4)). Suppose 6*v + y*v - 47575 = 0. Is v composite?
True
Suppose -2319791 = -4*v + 3*r, -4*r - 382 + 378 = 0. Is v composite?
False
Suppose 35*n + n - 5492634 = -6*n. Is n a composite number?
True
Let k = 35 - 21. Let v(l) = 5*l**2 + 86*l - 15. Let g(s) = -5*s**2 - 121*s + 14. Let c(d) = 2*g(d) + 3*v(d). Is c(k) a composite number?
False
Let t(j) = j**3 - 6*j**2 + 2*j. Let d be t(7). Is (d + -64)/((-2)/(-21154)*-1) a composite number?
True
Suppose 0 = 12*u - 7*u + 465. Let f = u + 81. Is (-16)/(-4)*(-1353)/f composite?
True
Suppose 24 = 4*l - 4*b, -2*l + 0*b + b = -16. Suppose l*r - 12*r + 11906 = 0. Is r composite?
False
Let x = -683 - -691. Suppose a + f = 3276, -x*a = -3*a + f - 16360. Is a composite?
False
Suppose d - 407 = 3*i - 151, -i - 88 = -d. Let w = -75 - i. Suppose w*x - 2598 = 1515. Is x composite?
False
Suppose 0 = 4*p - 6*p - 42. Let i(u) = 12*u + 373. Let v be i(-31). Is (-7)/(p/1248) + v + 2 a prime number?
True
Suppose 5*n + 47 = 3*t, 2*t - n - 24 = -2. Suppose 0*i = -t*i - 28890. Is (-2)/(-3)*i/(-4) a composite number?
True
Let l = -139 + 129. Let j(q) = -326*q - 97. Is j(l) composite?
False
Is -2 + 15/6 + 8/((-64)/(-235284)) a prime number?
True
Suppose -1073235 = 83*n - 98*n. Is n prime?
True
Let w(r) = r**3 + 49*r**2 - 48*r - 61. Let v(y) = -y**3 + 8*y**2 + 6*y - 17. Let l be v(9). Is w(l) a composite number?
False
Suppose -3*n - 1 - 8 = 3*v, -v = 3*n + 13. Let x(i) = 4*i**3 - 4*i**3 - 18*i**2 - 13*i - 13*i**3 + 4*i**2 + 5*i. Is x(n) composite?
True
Let i(b) = -1231*b**2 + b + 2. Let t be i(-1). Let g be 16/12*7767/6 + 3. Let h = g + t. Is h a prime number?
True
Suppose 65220833 = -78*t + 218649875. Is t prime?
True
Suppose 3*h - 6*h + 12542 = u, 37621 = 3*u + 4*h. Is u composite?
False
Suppose -3*j = 3*j - 32976. Suppose 5433 = 3*q - j. Is q prime?
True
Suppose -418*d + 420*d = 38. Suppose d*l + 11*l - 40830 = 0. Is l composite?
False
Let f = -155 + 152. Let h(p) = 474*p**2 + 2*p + 5. Is h(f) a prime number?
False
Suppose 5*a + 4*r = 9881 + 18350, -5*r = a - 5642. Suppose -2*k + a = -3*g, 1492 = k + g - 1324. Is k prime?
True
Suppose 333392 = 3*n - 5*u, 4*n - 845*u - 444483 = -844*u. Is n composite?
False
Suppose -446*j + 373599 = -419*j. Is j a composite number?
True
Let d(l) = -l**3 + 3*l**2 + 4*l + 3. Let v be d(4). Suppose 0 = h - 6*h, v*o + 5*h + 774 = 0. Let k = -25 - o. Is k prime?
True
Let r = -56 + 59. Suppose 12 = r*z + z. Suppose -7*j + z*j = -2044. Is j prime?
False
Suppose 5*q - w - 19510 = -6*w, 2*q + 5*w = 7789. Suppose 5*m + q = 9*m + h, -4*m = -5*h - 3913. Is m a prime number?
True
Let b(u) = 261*u**2 + 108*u + 2. Is b(-9) a prime number?
False
Suppose 3*u = -5*v + 4 + 3, 0 = 5*v - 5*u - 15. Suppose -2*y - 4*c - 6 = -4*y, 4*c = -v*y - 18. Let b(w) = -364*w - 19. Is b(y) a composite number?
True
Let p(r) = -47*r**3 + 262*r**2 - 32*r + 11. Is p(-22) prime?
False
Suppose 17*s + 7*s + 192 = 0. Let h(t) = -3 - 8*t**2 - 8 - 4*t**3 - 15*t**2 - 11*t + 11*t**2. Is h(s) prime?
False
Suppose -216870 = 68*s - 58*s. Let m = s + 39206. Is m prime?
True
Suppose -33*n - 81615 = -87613 - 171773. Is n prime?
True
Suppose 5*m + 3902 = a, -123*m + 124*m = 5*a - 19534. Is a prime?
True
Let u = 1502009 - 1011660. Is u prime?
False
Let p = -13496 - -5672. Let l = p - -13493. Is l a composite number?
False
Let v be (7/42)/(1/6). Let n be (18/(-27))/((2/2103)/v). Is (1 + (-8)/4)*n a composite number?
False
Let o(j) = -j**3 - 7*j**2 - 9*j + 7. Let g be o(-5). Suppose -l = g*l + 4*l. Suppose 3*w - 519